s digit of 108382?
8
What is the thousands digit of 3846071?
6
What is the hundreds digit of 16907799?
7
What is the ten thousands digit of 761523?
6
What is the thousands digit of 1414504?
4
What is the millions digit of 5910930?
5
What is the thousands digit of 1189693?
9
What is the millions digit of 5835747?
5
What is the tens digit of 5022808?
0
What is the units digit of 260264?
4
What is the hundreds digit of 106901?
9
What is the hundreds digit of 2564250?
2
What is the hundred thousands digit of 623764?
6
What is the tens digit of 147682?
8
What is the millions digit of 6270452?
6
What is the millions digit of 29611676?
9
What is the units digit of 1645075?
5
What is the tens digit of 2901231?
3
What is the ten millions digit of 27254156?
2
What is the tens digit of 3013070?
7
What is the millions digit of 7152420?
7
What is the units digit of 114094?
4
What is the millions digit of 1427774?
1
What is the hundreds digit of 22787?
7
What is the ten thousands digit of 115442?
1
What is the hundreds digit of 16937772?
7
What is the hundred thousands digit of 5067218?
0
What is the ten thousands digit of 82710?
8
What is the millions digit of 13770159?
3
What is the units digit of 4937200?
0
What is the tens digit of 265717?
1
What is the ten thousands digit of 147255?
4
What is the millions digit of 4011413?
4
What is the thousands digit of 862206?
2
What is the hundred thousands digit of 2488390?
4
What is the hundreds digit of 15858958?
9
What is the thousands digit of 133169?
3
What is the hundred thousands digit of 1143285?
1
What is the millions digit of 41347999?
1
What is the units digit of 32165028?
8
What is the millions digit of 2099328?
2
What is the units digit of 268763?
3
What is the ten thousands digit of 252560?
5
What is the ten thousands digit of 799295?
9
What is the hundred thousands digit of 371324?
3
What is the hundred thousands digit of 144083?
1
What is the hundreds digit of 408795?
7
What is the hundreds digit of 20400?
4
What is the tens digit of 10859506?
0
What is the hundreds digit of 19262503?
5
What is the hundreds digit of 5675899?
8
What is the units digit of 225759?
9
What is the ten thousands digit of 35198697?
9
What is the ten millions digit of 18946772?
1
What is the units digit of 10958470?
0
What is the ten thousands digit of 122434?
2
What is the hundreds digit of 319979?
9
What is the units digit of 13873289?
9
What is the hundred thousands digit of 17324301?
3
What is the tens digit of 23178?
7
What is the hundred thousands digit of 710384?
7
What is the ten thousands digit of 589843?
8
What is the thousands digit of 796774?
6
What is the millions digit of 2702528?
2
What is the units digit of 743167?
7
What is the tens digit of 1756211?
1
What is the thousands digit of 909517?
9
What is the hundreds digit of 2134961?
9
What is the thousands digit of 49477?
9
What is the ten thousands digit of 2340928?
4
What is the units digit of 973891?
1
What is the hundreds digit of 722189?
1
What is the hundred thousands digit of 262278?
2
What is the tens digit of 4265977?
7
What is the ten thousands digit of 8308623?
0
What is the hundreds digit of 3089428?
4
What is the hundreds digit of 770593?
5
What is the hundred thousands digit of 2514302?
5
What is the thousands digit of 3270292?
0
What is the thousands digit of 2519022?
9
What is the hundred thousands digit of 1940441?
9
What is the millions digit of 8546584?
8
What is the ten thousands digit of 27324121?
2
What is the hundred thousands digit of 494560?
4
What is the hundred thousands digit of 191555?
1
What is the ten millions digit of 12949250?
1
What is the hundreds digit of 3841?
8
What is the thousands digit of 2991827?
1
What is the thousands digit of 196254?
6
What is the millions digit of 1713283?
1
What is the ten thousands digit of 1814932?
1
What is the ten thousands digit of 11215240?
1
What is the hundreds digit of 1085525?
5
What is the hundred thousands digit of 12726507?
7
What is the units digit of 234765?
5
What is the tens digit of 1229735?
3
What is the thousands digit of 6693198?
3
What is the tens digit of 128843?
4
What is the hundreds digit of 9163?
1
What is the millions digit of 29293382?
9
What is the units digit of 194840?
0
What is the thousands digit of 4094351?
4
What is the ten thousands digit of 2126524?
2
What is the hundreds digit of 296772?
7
What is the tens digit of 389379?
7
What is the thousands digit of 113317?
3
What is the hundreds digit of 1763533?
5
What is the units digit of 43436?
6
What is the ten thousands digit of 5367144?
6
What is the thousands digit of 553631?
3
What is the units digit of 1800007?
7
What is the tens digit of 6050887?
8
What is the millions digit of 3769484?
3
What is the hundred thousands digit of 1979292?
9
What is the millions digit of 1206485?
1
What is the ten thousands digit of 593386?
9
What is the hundreds digit of 2268350?
3
What is the ten thousands digit of 4992375?
9
What is the ten thousands digit of 14762220?
6
What is the hundred thousands digit of 123819?
1
What is the ten thousands digit of 256105?
5
What is the tens digit of 559058?
5
What is the thousands digit of 1062446?
2
What is the units digit of 1054205?
5
What is the units digit of 22515381?
1
What is the hundred thousands digit of 640003?
6
What is the units digit of 2279746?
6
What is the hundreds digit of 866031?
0
What is the units digit of 858447?
7
What is the tens digit of 269689?
8
What is the hundred thousands digit of 309008?
3
What is the units digit of 2295972?
2
What is the tens digit of 1830392?
9
What is the ten thousands digit of 1968098?
6
What is the units digit of 231843?
3
What is the tens digit of 10185093?
9
What is the ten thousands digit of 645112?
4
What is the hundreds digit of 91885?
8
What is the tens digit of 1430233?
3
What is the units digit of 346212?
2
What is the tens digit of 1541304?
0
What is the hundreds digit of 2110407?
4
What is the hundreds digit of 12048320?
3
What is the thousands digit of 84652?
4
What is the hundreds digit of 678189?
1
What is the hundred thousands digit of 1325048?
3
What is the hundreds digit of 10381851?
8
What is the thousands digit of 741437?
1
What is the ten thousands digit of 2693515?
9
What is the thousands digit of 5283250?
3
What is the hundreds digit of 139098?
0
What is the hundreds digit of 1551167?
1
What is the tens digit of 2799369?
6
What is the units digit of 130080?
0
What is the hundred thousands digit of 305481?
3
What is the hundreds digit of 1369144?
1
What is the millions digit of 8463727?
8
What is the thousands digit of 1720716?
0
What is the hundred thousands digit of 1398092?
3
What is the hundred thousands digit of 479047?
4
What is the ten thousands digit of 142188?
4
What is the thousands digit of 844440?
4
What is the tens digit of 597778?
7
What is the tens digit of 8216691?
9
What is the ten thousands digit of 571869?
7
What is the hundred thousands digit of 1631772?
6
What is the tens digit of 602572?
7
What is the hundreds digit of 135116?
1
What is the hundred thousands digit of 18268809?
2
What is the hundred thousands digit of 148349?
1
What is the thousands digit of 157013?
7
What is the hundred thousands digit of 23021567?
0
What is the units digit of 187526?
6
What is the ten thousands digit of 28990615?
9
What is the thousands digit of 1243392?
3
What is the thousands digit of 20843394?
3
What is the ten thousands digit of 2540101?
4
What is the ten thousands digit of 30121035?
2
What is the hundred thousands digit of 1116163?
1
What is the units digit of 114394?
4
What is the millions digit of 1337615?
1
What is the thousands digit of 326286?
6
What is the thousands digit of 342047?
2
What is the ten thousands digit of 282980?
8
What is the millions digit of 5153259?
5
What is the ten thousands digit of 1667356?
6
What is the thousands digit of 4005?
4
What is the ten thousands digit of 23213?
2
What is the ten thousands digit of 1245896?
4
What is the hundreds digit of 8116739?
7
What is the units digit of 356537?
7
What is the tens digit of 989047?
4
What is the tens digit of 350?
5
What is the hundreds digit of 10468467?
4
What is the hundreds digit of 2447480?
4
What is the units digit of